?
5
Let u(n) = -n**3 - 17*n**2 - 11*n + 1. What is u(-16)?
-79
Let d(v) = -3*v - 11. Calculate d(-8).
13
Let t(s) = s**2 - 3*s + 3. Calculate t(4).
7
Let u(d) = -d**3 + d**2 + 3*d + 3. Calculate u(-2).
9
Let p(f) = -f**3 + 3*f**2 + 6*f - 5. Calculate p(5).
-25
Let f(l) = -l**2 + 2*l + 12. Determine f(-3).
-3
Let d(a) = 2*a + 38. Give d(-16).
6
Let b(q) = q**3 + 3*q**2 - 4*q - 6. What is b(-3)?
6
Let o(w) = -w**3 - 3*w**2 + 4*w + 6. Calculate o(-4).
6
Let w(q) = -12*q**2 + 4*q + 5. Calculate w(-1).
-11
Let p(w) = 7*w. Give p(-3).
-21
Let y(o) = -o**3 + 11*o**2 + 14*o - 16. What is y(12)?
8
Let g(m) = -m**2 - 10. What is g(0)?
-10
Let u(f) = 35*f + 107. Determine u(-3).
2
Let s(f) = 2*f**2 - 17*f + 40. What is s(7)?
19
Let h(m) = -m**2 - 3*m - 16. Give h(4).
-44
Let d(c) = 3*c**2 - 22*c - 40. What is d(9)?
5
Let x(w) = w**3 - 7*w**2 - 15*w - 12. Give x(9).
15
Let t(x) = x**3 + x**2 - 3*x + 1. Give t(-2).
3
Let t(q) = 5*q**2 - 5*q + 6. Calculate t(1).
6
Let q(o) = 10*o - 90. Calculate q(5).
-40
Let f(c) = -c**2 - 3*c + 7. Calculate f(-9).
-47
Let r(i) = i**2 + 11*i - 2. What is r(-11)?
-2
Let i(p) = p**3 + p**2 + p - 6. Give i(0).
-6
Let g(c) = c**3 - 4*c**2 - 4*c - 1. Give g(5).
4
Let d(m) = 2*m**2 + 6*m + 8. Determine d(-4).
16
Let r(w) = -w**2 - 34*w - 167. What is r(-28)?
1
Let m(c) = -3*c + 20. Give m(13).
-19
Let t(y) = y**2 + 14*y - 9. What is t(-8)?
-57
Let d(x) = -x**3 - 46*x**2 + 97*x + 60. Calculate d(-48).
12
Let d(v) = -10*v**3 - 2*v**2 + 5*v - 5. Determine d(2).
-83
Let g(s) = -s**2 - 4*s + 24. Give g(-7).
3
Let q(m) = 2*m**2 + 9*m + 6. Calculate q(-4).
2
Let d(n) = n**3 + 3*n**2 - 6*n - 20. Give d(-3).
-2
Let i(z) = z**3 - 9*z**2 - 10*z - 4. Determine i(10).
-4
Let d(i) = -i**3 - 7*i**2 + 3*i + 8. Give d(-4).
-52
Let q(x) = 9*x - 25. Calculate q(-7).
-88
Let k(j) = -j**3 - 13*j**2 - 48*j - 39. Give k(-6).
-3
Let m(y) = 2*y**2 - 5*y - 19. Calculate m(5).
6
Let c(s) = 2*s - 18. What is c(12)?
6
Let h(j) = j**2 - 18*j. Calculate h(17).
-17
Let w(l) = l**3 - 5*l**2 + 4*l - 3. Give w(3).
-9
Let s(z) = -z**2 - 24*z - 97. Give s(-19).
-2
Let b(s) = -s - 1. Give b(3).
-4
Let m(h) = h + 4. Determine m(-25).
-21
Let x(q) = -3*q - 44. What is x(-18)?
10
Let q(k) = k**2 - 7*k - 4. Calculate q(5).
-14
Let n(g) = g**3 - 12*g**2 - 3*g + 14. What is n(12)?
-22
Let l(n) = n - 21. Calculate l(15).
-6
Let k(b) = b**3 + 6*b**2 + 5*b - 1. Give k(-4).
11
Let i(q) = -9*q - 89. Give i(-10).
1
Let i(o) = o**3 + 95*o**2 - 93*o + 291. What is i(-96)?
3
Let g(y) = y**2 + 7*y - 5. Determine g(-5).
-15
Let f(d) = -d**3 - d**2 + 19*d - 1. Calculate f(4).
-5
Let g(t) = -t**2 + 15*t - 45. What is g(4)?
-1
Let f(o) = -o**2 - 8*o - 5. Give f(-7).
2
Let a(x) = -x**3 - 7*x**2 + 2*x + 8. Determine a(-7).
-6
Let x(l) = -4*l + 93. Determine x(25).
-7
Let c(g) = g**3 + 6*g**2 + g + 5. Calculate c(0).
5
Let v(k) = -12*k**2 - k - 1. Calculate v(-1).
-12
Let i(c) = 4*c + 4. Calculate i(2).
12
Let l(c) = 2*c - 22. What is l(15)?
8
Let z(j) = -18*j + 1175. Give z(65).
5
Let g(x) = -5*x**2 + 16*x + 8. Determine g(4).
-8
Let f(p) = -4*p - 61. Determine f(-13).
-9
Let y(j) = j**3 + 19*j**2 - 17*j + 44. Give y(-20).
-16
Let r(v) = -2*v**2 - 77*v + 117. Determine r(-40).
-3
Let c(j) = j**3 - 18*j**2 - j + 11. What is c(18)?
-7
Let f(k) = 3*k**2 - 15*k + 24. Calculate f(4).
12
Let d(y) = 7*y - 51. Calculate d(13).
40
Let b(v) = v**2 - 6*v - 13. Determine b(7).
-6
Let l(a) = a**2 + 5*a - 2. What is l(3)?
22
Let a(h) = -2*h - 18. Determine a(-10).
2
Let d(r) = -r**3 + 14*r**2 - 21*r - 36. Determine d(12).
0
Let n(h) = -7*h - 10. What is n(8)?
-66
Let q(s) = s**3 + 9*s**2 - 9*s + 10. What is q(-10)?
0
Let s(t) = t**3 + t**2 - 3*t - 5. Determine s(-2).
-3
Let q(h) = -2*h**2 + 43*h - 19. Give q(20).
41
Let d(a) = 3*a**3 - a**2 - a - 1. Determine d(-2).
-27
Let w(v) = 12*v**2 - 276*v + 1. Calculate w(23).
1
Let x(f) = -f**2 - 6*f - 2. Calculate x(-5).
3
Let c(q) = q + 16. What is c(-16)?
0
Let w(f) = -2*f**2 - 17*f - 46. Determine w(-4).
-10
Let r(w) = -2*w**3 + 7*w**2 + 5*w - 5. Calculate r(5).
-55
Let u(k) = 10*k + 5. What is u(3)?
35
Let k(t) = t**3 + 5*t**2 - 2*t - 5. Calculate k(-5).
5
Let b(g) = -g + 22. Determine b(16).
6
Let d(z) = z - 18. Determine d(8).
-10
Let v(a) = -a**2 - 2*a. Give v(5).
-35
Let s(k) = -3*k**3 - 2*k**2 - k - 6. Calculate s(0).
-6
Let f(p) = p + 61. What is f(0)?
61
Let d(x) = -6*x - 15. Give d(-8).
33
Let n(v) = -6*v + 14. Give n(3).
-4
Let q(b) = -b + 9. Determine q(6).
3
Let d(n) = -n**3 - 4*n**2 + 5*n - 13. Give d(-6).
29
Let v(t) = 18*t**2 + t - 1. Give v(-1).
16
Let y(g) = -g**2 + 6*g + 18. What is y(-3)?
-9
Let t(g) = 61*g**3 - g - 1. What is t(-1)?
-61
Let q(p) = -p**3 - 7*p**2 + 7. Determine q(-8).
71
Let o(b) = b**3 - 5*b**2 - 12*b + 39. Calculate o(6).
3
Let k(o) = -14*o - 130. Calculate k(-9).
-4
Let y(v) = v - 1. What is y(2)?
1
Let n(s) = -s**3 - 10*s**2 - 9*s - 28. Give n(-9).
-28
Let w(d) = 20*d + 31. What is w(-7)?
-109
Let r(w) = -48*w. Calculate r(1).
-48
Let o(u) = -u**2 + 9*u + 5. Calculate o(10).
-5
Let r(d) = 2*d**2 - 13*d - 2. What is r(7)?
5
Let a(n) = -2*n**2 + 31*n - 76. Determine a(11).
23
Let q(x) = x**3 + 17*x**2 - 3*x - 59. What is q(-17)?
-8
Let a(z) = z**3 + 7*z**2 - z - 3. Determine a(-7).
4
Let a(q) = -7*q - 2. Determine a(1).
-9
Let w(q) = -6*q + 31. Give w(5).
1
Let u(m) = -m**3 - 19*m**2 - 16*m + 41. Calculate u(-18).
5
Let u(s) = -14*s - 3. Calculate u(-3).
39
Let s(k) = -k - 14. Calculate s(-19).
5
Let j(m) = 7*m**3 - 55*m**2 - 5*m - 17. Calculate j(8).
7
Let j(g) = -g**3 + 20*g**2 - 7*g - 220. What is j(19)?
8
Let w(a) = -2*a**2 + 9*a - 7. Determine w(6).
-25
Let g(s) = 7*s - 57. Give g(8).
-1
Let l(k) = k**2 + 22*k + 42. Calculate l(-16).
-54
Let z(x) = 14*x + 86. Determine z(-6).
2
Let a(t) = -t**3 + 3*t**2 + 3*t - 8. What is a(3)?
1
Let m(w) = w**3 - 10*w**2 - 9*w + 19. Calculate m(11).
41
Let d(g) = g**3 + 5*g**2 - 3*g - 7. What is d(-5)?
8
Let n(m) = -8*m + 40. Give n(17).
-96
Let h(u) = -u**2 + 3*u + 32. What is h(7)?
4
Let y(m) = m**2 + 8*m + 4. Determine y(-6).
-8
Let l(c) = 41*c**2 + 2*c + 2. Determine l(-1).
41
Let h(g) = -5*g - 246. What is h(-49)?
-1
Let t(n) = 11*n**3 - n + 1. Determine t(2).
87
Let u(s) = -5*s**2 + s - 1. Calculate u(-3).
-49
Let o(u) = -u**3 - 64*u**2 - u - 65. Give o(-64).
-1
Let l(d) = -76*d - 206. Calculate l(-3).
22
Let q(i) = -i**3 - i**2 + i - 9. Calculate q(4).
-85
Let l(g) = 5*g - 30. Give l(9).
15
Let r(q) = 2*q + 2. What is r(0)?
2
Let o(k) = -k**2 - 8*k + 19. What is o(-10)?
-1
Let o(y) = y**3 - y**2 - 21*y - 6. What is o(5)?
-11
Let l(k) = 3*k + 50. What is l(-18)?
-4
Let l(u) = -2*u**2 + 14*u - 23. Give l(8).
-39
Let z(c) = -2*c**2 - 6*c - 5. Give z(-4).
-13
Let u(p) = p**2 + 16*p + 5. Calculate u(-8).
-59
Let a(h) = h**2 + 2*h. Give a(3).
15
Let v(g) = g - 39. What is v(32)?
-7
Let t(g) = g**3 + 5*g**2 + 5*g + 5. What is t(-5)?
-20
Let c(a) = 3*a - 58. Determine c(25).
17
Let w(p) = -7*p**3 + 3*p**2 - 4*p + 5. Calculate w(2).
-47
Let d(g) = -14*g - 25. What is d(-2)?
3
Let c(h) = -h**2 - 17*h - 14. Give c(-14).
28
Let f(t) = -2*t**3 + t**2 + 2*t + 3. Calculate f(-1).
4
Let w(v) = v - 25. Determine w(-8).
-33
Let x(b) = b**3 - 5*b**2 + 3*b - 15. Give x(5).
0
Let b(p) = -4*p - 1. Give b(-5).
19
Let a(p) = -p**2 - 8*p - 7. What is a(-9)?
-16
Let o(y) = 4*y**2 + 8*y - 8. Give o(1).
4
Let m(h) = -h**2 + 9*h + 12. What is m(17)?
-124
Let m(i) = -i**3 + 11*i**2 - 4*i + 14. What is m(11)?
-30
Let u(j) = -17*j**3 + j**2 - j - 1. What is u(-1)?
18
Let p(u) = -u**2 + 3*u + 19. Give p(-4).
-9
Let p(z) = -8*z + 35. Give p(-2).
51
Let k(w) = 16*w + 3. What is k(2)?
35
Let o(b) = -b**3 - 5*b**2 - b - 6. Determine o(-5).
-1
Let k(d) = 3*d**2 + 5*d + 3. What is k(-4)?
31
Let b(a) = -a - 11. Give b(-4).
-7
Let t(h) = -h**3 + h - 5. What is t(-4)?
55
Let g(a) = -2*a + 13. What is g(9)?
-5
Let v(q) = q**3 + 44*q**2 + 404*q + 44. Calculate v(-31).
13
Let c(w) = -2*w**2 - 17*w + 10. Give c(-8).
18
Let q(i) = 8*i - 123. Calculate q(14).
-11
Let l(w) = -2*w**3 + 2*w - 2. What is l(3)?
-50
Let i(b) = -9*b - 73. Give i(-9).
8
Let p(i) = -35*i + 4. Give p(-2).
74
Let d(s) = 22*s - 2. What is d(-2)?
-46
Let l(n) = -n**3 - 5*n**2 + 3*n - 2. Give l(-6).
16
Let o(q) = q**3 + 13*q**2 + 22*q + 5. What